{"id":168,"date":"2025-04-09T00:55:03","date_gmt":"2025-04-08T22:55:03","guid":{"rendered":"http:\/\/mq4-pro.ma\/?post_type=product&#038;p=168"},"modified":"2025-04-09T00:55:05","modified_gmt":"2025-04-08T22:55:05","slug":"netflix","status":"publish","type":"product","link":"https:\/\/mq4-pro.ma\/index.php\/produit\/netflix\/","title":{"rendered":"Netflix"},"content":{"rendered":"<div dir=\"auto\">Netflix est la plateforme de streaming incontournable pour les films, s\u00e9ries, documentaires et \u00e9missions de t\u00e9l\u00e9-r\u00e9alit\u00e9 du monde entier.<\/div>\n<div dir=\"auto\">Avec une biblioth\u00e8que sans cesse enrichie, vous trouverez toujours quelque chose \u00e0 regarder, que ce soit des productions originales prim\u00e9es ou des classiques ind\u00e9modables.<\/div>\n<div dir=\"auto\">Profitez de l\u2019exp\u00e9rience multi-\u00e9cran : sur smartphone, TV, ordinateur ou tablette.<\/div>\n<div dir=\"auto\">Netflix propose aussi le visionnage hors ligne et le contr\u00f4le parental.<\/div>\n<div dir=\"auto\">Chaque compte propose des profils personnalis\u00e9s pour chaque membre de la famille.<\/div>\n<div dir=\"auto\">Une immersion totale dans le divertissement, \u00e0 tout moment, o\u00f9 que vous soyez.<\/div>\n<div dir=\"auto\"><\/div>\n","protected":false},"excerpt":{"rendered":"<p>Netflix est la plateforme de streaming incontournable pour les films, s\u00e9ries, documentaires et \u00e9missions de t\u00e9l\u00e9-r\u00e9alit\u00e9 du monde entier. Avec une biblioth\u00e8que sans cesse enrichie, vous trouverez toujours quelque chose \u00e0 regarder, que ce soit des productions originales prim\u00e9es ou des classiques ind\u00e9modables. Profitez de l\u2019exp\u00e9rience multi-\u00e9cran : sur smartphone, TV, ordinateur ou tablette. Netflix [&hellip;]<\/p>\n","protected":false},"featured_media":169,"template":"","meta":{"saved_in_kubio":false},"product_brand":[],"product_cat":[15],"product_tag":[],"class_list":{"0":"post-168","1":"product","2":"type-product","3":"status-publish","4":"has-post-thumbnail","6":"product_cat-non-classe","8":"first","9":"instock","10":"shipping-taxable","11":"purchasable","12":"product-type-simple"},"_links":{"self":[{"href":"https:\/\/mq4-pro.ma\/index.php\/wp-json\/wp\/v2\/product\/168","targetHints":{"allow":["GET"]}}],"collection":[{"href":"https:\/\/mq4-pro.ma\/index.php\/wp-json\/wp\/v2\/product"}],"about":[{"href":"https:\/\/mq4-pro.ma\/index.php\/wp-json\/wp\/v2\/types\/product"}],"wp:featuredmedia":[{"embeddable":true,"href":"https:\/\/mq4-pro.ma\/index.php\/wp-json\/wp\/v2\/media\/169"}],"wp:attachment":[{"href":"https:\/\/mq4-pro.ma\/index.php\/wp-json\/wp\/v2\/media?parent=168"}],"wp:term":[{"taxonomy":"product_brand","embeddable":true,"href":"https:\/\/mq4-pro.ma\/index.php\/wp-json\/wp\/v2\/product_brand?post=168"},{"taxonomy":"product_cat","embeddable":true,"href":"https:\/\/mq4-pro.ma\/index.php\/wp-json\/wp\/v2\/product_cat?post=168"},{"taxonomy":"product_tag","embeddable":true,"href":"https:\/\/mq4-pro.ma\/index.php\/wp-json\/wp\/v2\/product_tag?post=168"}],"curies":[{"name":"wp","href":"https:\/\/api.w.org\/{rel}","templated":true}]}}